{"id":381,"date":"2014-05-27T08:58:57","date_gmt":"2014-05-27T07:58:57","guid":{"rendered":"http:\/\/www.sp3yor.net\/?page_id=381"},"modified":"2020-05-24T00:15:50","modified_gmt":"2020-05-23T23:15:50","slug":"sr3xhy-bikon-3cm","status":"publish","type":"page","link":"https:\/\/www.sp3yor.net\/?page_id=381","title":{"rendered":"SR3YOR &#8211; bikon 3cm"},"content":{"rendered":"<hr \/>\n<h1>SR3YOR JO82LJ 10368,940MHz Pozna\u0144 &#8211; os. Rusa<br \/>\nex. SR3XHY<\/h1>\n<table>\n<tbody>\n<tr>\n<td><strong>TX<\/strong><\/td>\n<td><strong>Lokator<\/strong><\/td>\n<td><strong>Wysoko\u015b\u0107<\/strong><\/td>\n<\/tr>\n<tr>\n<td>10368,940 MHz<\/td>\n<td>JO82LJ<\/td>\n<td>80m n.p.m + 40m n.p.t.<\/td>\n<\/tr>\n<tr>\n<td><strong>Najdalej s\u0142yszalny:<\/strong><\/td>\n<td>DK1MAX JN58RP(RS)<br \/>\nDF1OI JO42TF (RS)<br \/>\nOE5VRL JN78DK (RS)<\/td>\n<td>570km<br \/>\n500km<br \/>\n485km<\/td>\n<\/tr>\n<\/tbody>\n<\/table>\n<hr \/>\n<p><strong>Aktualna konfiguracja<\/strong><\/p>\n<table>\n<tbody>\n<tr>\n<td><strong>Sterownik <\/strong><\/td>\n<td>sterownik wyk. SQ3FYK<\/td>\n<\/tr>\n<tr>\n<td><strong>Moc wyj\u015bciowa<\/strong><\/td>\n<td>6 W<\/td>\n<\/tr>\n<tr>\n<td><strong>Antena<\/strong><\/td>\n<td>slot 2x 8<\/td>\n<\/tr>\n<tr>\n<td><strong>Zasilanie<\/strong><\/td>\n<td>Zasilacz impulsowy 12 V<\/td>\n<\/tr>\n<\/tbody>\n<\/table>\n<hr \/>\n<p><strong> Operatorzy odpowiedzialni <\/strong><\/p>\n<ul>\n<li>SO3Z &#8211; Andrzej<\/li>\n<\/ul>\n<p><strong><a title=\"Galeria\" target=\"_blank\" rel=\"noopener noreferrer\">ZDJ\u0118CIA NIEBAWEM<\/a><br \/>\n<\/strong><br \/>\nPozwolenie nr\u00a0 kat. 5 wa\u017cne do<\/p>\n<hr \/>\n<p><a href=\"https:\/\/www.sp3yor.net\/wp-content\/uploads\/2020\/05\/sr3xhy.jpg\"><img loading=\"lazy\" decoding=\"async\" class=\"alignnone size-full wp-image-857\" src=\"https:\/\/www.sp3yor.net\/wp-content\/uploads\/2020\/05\/sr3xhy.jpg\" alt=\"\" width=\"908\" height=\"891\" srcset=\"https:\/\/www.sp3yor.net\/wp-content\/uploads\/2020\/05\/sr3xhy.jpg 908w, https:\/\/www.sp3yor.net\/wp-content\/uploads\/2020\/05\/sr3xhy-300x294.jpg 300w, https:\/\/www.sp3yor.net\/wp-content\/uploads\/2020\/05\/sr3xhy-768x754.jpg 768w\" sizes=\"auto, (max-width: 908px) 100vw, 908px\" \/><\/a><\/p>\n<p><iframe loading=\"lazy\" src=\"http:\/\/widget.dxwatch.com\/widget\/widget1.php?s=Zmw9MSZwPTEmY2FsbHNpZ249c3IzeGh5KiZjYWxsdHlwZT1keCZmPTAmdz02MDAmcj0xNQ==\" width=\"600\" height=\"385\" frameborder=\"0\" scrolling=\"no\"> <\/iframe><\/p>\n<hr \/>\n<p><a href=\"http:\/\/www.sp3yor.net\/wp-content\/uploads\/2014\/05\/2014-01-04-13.53.50.jpg\"><img loading=\"lazy\" decoding=\"async\" class=\"alignnone size-thumbnail wp-image-404\" title=\"2014-01-04 13.53.50\" src=\"http:\/\/www.sp3yor.net\/wp-content\/uploads\/2014\/05\/2014-01-04-13.53.50-150x150.jpg\" alt=\"\" width=\"150\" height=\"150\" \/><\/a><a href=\"http:\/\/www.sp3yor.net\/wp-content\/uploads\/2014\/05\/2014-01-04-13.54.08.jpg\"><img loading=\"lazy\" decoding=\"async\" class=\"alignnone size-thumbnail wp-image-405\" title=\"2014-01-04 13.54.08\" src=\"http:\/\/www.sp3yor.net\/wp-content\/uploads\/2014\/05\/2014-01-04-13.54.08-150x150.jpg\" alt=\"\" width=\"150\" height=\"150\" \/><\/a><a href=\"http:\/\/www.sp3yor.net\/wp-content\/uploads\/2014\/05\/2014-01-03-19.43.42.jpg\"><img loading=\"lazy\" decoding=\"async\" class=\"alignnone size-thumbnail wp-image-406\" title=\"2014-01-03 19.43.42\" src=\"http:\/\/www.sp3yor.net\/wp-content\/uploads\/2014\/05\/2014-01-03-19.43.42-150x150.jpg\" alt=\"\" width=\"150\" height=\"150\" \/><\/a><\/p>\n<p>Bikon zosta\u0142 uruchomiony dnia roku i rozpocz\u0105\u0142 prac\u0119 ze znakiem SR3XHP. Pracowa\u0142 jaki\u015b czas z wie\u017cy Emitela na Pozna\u0144skim Pi\u0105tkowie, nast\u0119pnie z klubu SP3YOR. Pierwsza konstrukcja by\u0142a dzie\u0142em Koleg\u00f3w SQ3FYK i SP3VSS, w ostatnim czasie dzi\u0119ki wsparciu PK UKFu oraz pracy Stefana SP9QZO oraz Irka SQ5MX i Tomka SP5XMU bikon ruszy\u0142 w dniu 26.05.2014 z powi\u0119kszon\u0105 moc\u0105 6W. Bikon zamontowany na odskoczni, mo\u017cliwa lekka degradacja sygna\u0142u na p\u00f3\u0142noc.<\/p>\n<hr \/>\n<p><iframe loading=\"lazy\" src=\"\/\/www.youtube.com\/embed\/Pn3jSCvW0hY\" width=\"560\" height=\"315\" frameborder=\"0\" allowfullscreen=\"allowfullscreen\"><\/iframe><\/p>\n","protected":false},"excerpt":{"rendered":"<p>SR3YOR JO82LJ 10368,940MHz Pozna\u0144 &#8211; os. Rusa ex. SR3XHY TX Lokator Wysoko\u015b\u0107 10368,940 MHz JO82LJ 80m n.p.m + 40m n.p.t. Najdalej s\u0142yszalny: DK1MAX JN58RP(RS) DF1OI JO42TF (RS) OE5VRL JN78DK (RS) 570km 500km 485km Aktualna konfiguracja Sterownik sterownik wyk. SQ3FYK Moc &hellip; <a href=\"https:\/\/www.sp3yor.net\/?page_id=381\">Czytaj dalej <span class=\"meta-nav\">&rarr;<\/span><\/a><\/p>\n","protected":false},"author":1,"featured_media":0,"parent":117,"menu_order":7,"comment_status":"closed","ping_status":"closed","template":"","meta":{"ngg_post_thumbnail":0,"footnotes":""},"class_list":["post-381","page","type-page","status-publish","hentry"],"_links":{"self":[{"href":"https:\/\/www.sp3yor.net\/index.php?rest_route=\/wp\/v2\/pages\/381","targetHints":{"allow":["GET"]}}],"collection":[{"href":"https:\/\/www.sp3yor.net\/index.php?rest_route=\/wp\/v2\/pages"}],"about":[{"href":"https:\/\/www.sp3yor.net\/index.php?rest_route=\/wp\/v2\/types\/page"}],"author":[{"embeddable":true,"href":"https:\/\/www.sp3yor.net\/index.php?rest_route=\/wp\/v2\/users\/1"}],"replies":[{"embeddable":true,"href":"https:\/\/www.sp3yor.net\/index.php?rest_route=%2Fwp%2Fv2%2Fcomments&post=381"}],"version-history":[{"count":29,"href":"https:\/\/www.sp3yor.net\/index.php?rest_route=\/wp\/v2\/pages\/381\/revisions"}],"predecessor-version":[{"id":858,"href":"https:\/\/www.sp3yor.net\/index.php?rest_route=\/wp\/v2\/pages\/381\/revisions\/858"}],"up":[{"embeddable":true,"href":"https:\/\/www.sp3yor.net\/index.php?rest_route=\/wp\/v2\/pages\/117"}],"wp:attachment":[{"href":"https:\/\/www.sp3yor.net\/index.php?rest_route=%2Fwp%2Fv2%2Fmedia&parent=381"}],"curies":[{"name":"wp","href":"https:\/\/api.w.org\/{rel}","templated":true}]}}